{"id":1636,"date":"2014-12-15T15:11:16","date_gmt":"2014-12-15T15:11:16","guid":{"rendered":"https:\/\/spetomix.com.br\/site\/?page_id=1636"},"modified":"2015-11-25T14:19:10","modified_gmt":"2015-11-25T14:19:10","slug":"clientes","status":"publish","type":"page","link":"https:\/\/spetomix.com.br\/site\/clientes\/","title":{"rendered":"Clientes"},"content":{"rendered":"<div><img decoding=\"async\" class=\"alignleft thumbnail\" src=\"https:\/\/spetomix.com.br\/site\/wp-content\/uploads\/2015\/03\/logo-3m.jpg\" alt=\"3M\" width=\"200\" height=\"200\" \/><\/div>\n<div><img decoding=\"async\" class=\"alignleft thumbnail\" src=\"https:\/\/spetomix.com.br\/site\/wp-content\/uploads\/2015\/03\/logo-arcelor.jpg\" alt=\"Arcelor Mittal\" width=\"200\" height=\"200\" \/><\/div>\n<div><img decoding=\"async\" class=\"alignleft thumbnail\" src=\"https:\/\/spetomix.com.br\/site\/wp-content\/uploads\/2015\/03\/logo-astra.jpg\" alt=\"Astra\" width=\"200\" height=\"200\" \/><\/div>\n<div><img loading=\"lazy\" decoding=\"async\" class=\"alignleft thumbnail\" src=\"https:\/\/spetomix.com.br\/site\/wp-content\/uploads\/2015\/03\/logo-atacadao.jpg\" alt=\"Atacad\u00e3o\" width=\"200\" height=\"200\" \/><\/div>\n<div><img loading=\"lazy\" decoding=\"async\" class=\"alignleft thumbnail\" src=\"https:\/\/spetomix.com.br\/site\/wp-content\/uploads\/2015\/03\/logo_atlas.jpg\" alt=\"Atlas\" width=\"200\" height=\"200\" \/><\/div>\n<div><img loading=\"lazy\" decoding=\"async\" class=\"alignleft thumbnail\" src=\"https:\/\/spetomix.com.br\/site\/wp-content\/uploads\/2015\/03\/logo-coca.jpg\" alt=\"Coca-Cola\" width=\"200\" height=\"200\" \/><\/div>\n<div><img loading=\"lazy\" decoding=\"async\" class=\"alignleft thumbnail\" src=\"https:\/\/spetomix.com.br\/site\/wp-content\/uploads\/2015\/03\/logo-cofap.jpg\" alt=\"Cofap\" width=\"200\" height=\"200\" \/><\/div>\n<div><img loading=\"lazy\" decoding=\"async\" class=\"alignleft thumbnail\" src=\"https:\/\/spetomix.com.br\/site\/wp-content\/uploads\/2015\/03\/logo-duratex.jpg\" alt=\"Duratex\" width=\"200\" height=\"200\" \/><\/div>\n<div><img loading=\"lazy\" decoding=\"async\" class=\"alignleft thumbnail\" src=\"https:\/\/spetomix.com.br\/site\/wp-content\/uploads\/2015\/03\/logo-eucatex.jpg\" alt=\"Eucatex\" width=\"200\" height=\"200\" \/><\/div>\n<div><img loading=\"lazy\" decoding=\"async\" class=\"alignleft thumbnail\" src=\"https:\/\/spetomix.com.br\/site\/wp-content\/uploads\/2015\/03\/logo-fiat.jpg\" alt=\"Fiat\" width=\"200\" height=\"200\" \/><\/div>\n<div><img loading=\"lazy\" decoding=\"async\" class=\"alignleft thumbnail\" src=\"https:\/\/spetomix.com.br\/site\/wp-content\/uploads\/2015\/03\/logo-foxconn.jpg\" alt=\"Foxconn\" width=\"200\" height=\"200\" \/><\/div>\n<div><img loading=\"lazy\" decoding=\"async\" class=\"alignleft thumbnail\" src=\"https:\/\/spetomix.com.br\/site\/wp-content\/uploads\/2015\/03\/logo-honda.jpg\" alt=\"Honda\" width=\"200\" height=\"200\" \/><\/div>\n<div><img loading=\"lazy\" decoding=\"async\" class=\"alignleft thumbnail\" src=\"https:\/\/spetomix.com.br\/site\/wp-content\/uploads\/2015\/03\/logo-japi.jpg\" alt=\"Japi\" width=\"200\" height=\"200\" \/><\/div>\n<div><img loading=\"lazy\" decoding=\"async\" class=\"alignleft thumbnail\" src=\"https:\/\/spetomix.com.br\/site\/wp-content\/uploads\/2015\/03\/logo-kadron.jpg\" alt=\"Kadron\" width=\"200\" height=\"200\" \/><\/div>\n<div><img loading=\"lazy\" decoding=\"async\" class=\"alignleft thumbnail\" src=\"https:\/\/spetomix.com.br\/site\/wp-content\/uploads\/2015\/03\/logo-magneti.jpg\" alt=\"Magneti-Marelli\" width=\"200\" height=\"200\" \/><\/div>\n<div><img loading=\"lazy\" decoding=\"async\" class=\"alignleft thumbnail\" src=\"https:\/\/spetomix.com.br\/site\/wp-content\/uploads\/2015\/03\/logo-medley.jpg\" alt=\"Medley\" width=\"200\" height=\"200\" \/><\/div>\n<div><img loading=\"lazy\" decoding=\"async\" class=\"alignleft thumbnail\" src=\"https:\/\/spetomix.com.br\/site\/wp-content\/uploads\/2015\/03\/logo-mercurio.jpg\" alt=\"Merc\u00fario\" width=\"200\" height=\"200\" \/><\/div>\n<div><img loading=\"lazy\" decoding=\"async\" class=\"alignleft thumbnail\" src=\"https:\/\/spetomix.com.br\/site\/wp-content\/uploads\/2015\/03\/logo-owens.jpg\" alt=\"Owens Coning\" width=\"200\" height=\"200\" \/><\/div>\n<div><img loading=\"lazy\" decoding=\"async\" class=\"alignleft thumbnail\" src=\"https:\/\/spetomix.com.br\/site\/wp-content\/uploads\/2015\/03\/logo-petrobras.jpg\" alt=\"Petrobras\" width=\"200\" height=\"200\" \/><\/div>\n<div><img loading=\"lazy\" decoding=\"async\" class=\"alignleft thumbnail\" src=\"https:\/\/spetomix.com.br\/site\/wp-content\/uploads\/2015\/03\/logo-pirelli.jpg\" alt=\"Pirelli\" width=\"200\" height=\"200\" \/><\/div>\n<div><img loading=\"lazy\" decoding=\"async\" class=\"alignleft thumbnail\" src=\"https:\/\/spetomix.com.br\/site\/wp-content\/uploads\/2015\/03\/logo-plascar.jpg\" alt=\"Plascar\" width=\"200\" height=\"200\" \/><\/div>\n<div><img loading=\"lazy\" decoding=\"async\" class=\"alignleft thumbnail\" src=\"https:\/\/spetomix.com.br\/site\/wp-content\/uploads\/2015\/03\/logo-rhodia.jpg\" alt=\"Rhodia\" width=\"200\" height=\"200\" \/><\/div>\n<div><img loading=\"lazy\" decoding=\"async\" class=\"alignleft thumbnail\" src=\"https:\/\/spetomix.com.br\/site\/wp-content\/uploads\/2015\/03\/logo-rigesa.jpg\" alt=\"Rigesa\" width=\"200\" height=\"200\" \/><\/div>\n<div><img loading=\"lazy\" decoding=\"async\" class=\"alignleft thumbnail\" src=\"https:\/\/spetomix.com.br\/site\/wp-content\/uploads\/2015\/03\/logo-saint-gobain.jpg\" alt=\"Saint Gobain\" width=\"200\" height=\"200\" \/><\/div>\n<div><img loading=\"lazy\" decoding=\"async\" class=\"alignleft thumbnail\" src=\"https:\/\/spetomix.com.br\/site\/wp-content\/uploads\/2015\/03\/logo-sanofi.jpg\" alt=\"Sanofi\" width=\"200\" height=\"200\" \/><\/div>\n<div><img loading=\"lazy\" decoding=\"async\" class=\"alignleft thumbnail\" src=\"https:\/\/spetomix.com.br\/site\/wp-content\/uploads\/2015\/03\/logo-siemens.jpg\" alt=\"Siemens\" width=\"200\" height=\"200\" \/><\/div>\n<div><img loading=\"lazy\" decoding=\"async\" class=\"alignleft thumbnail\" src=\"https:\/\/spetomix.com.br\/site\/wp-content\/uploads\/2015\/03\/logo-sifco.jpg\" alt=\"Sifco\" width=\"200\" height=\"200\" \/><\/div>\n<div><img loading=\"lazy\" decoding=\"async\" class=\"alignleft thumbnail\" src=\"https:\/\/spetomix.com.br\/site\/wp-content\/uploads\/2015\/03\/logo-skf.jpg\" alt=\"SKF\" width=\"200\" height=\"200\" \/><\/div>\n<div><img loading=\"lazy\" decoding=\"async\" class=\"alignleft thumbnail\" src=\"https:\/\/spetomix.com.br\/site\/wp-content\/uploads\/2015\/03\/logo-thyssebkrupp.jpg\" alt=\"ThyssenKrupp\" width=\"200\" height=\"200\" \/><\/div>\n<div><img loading=\"lazy\" decoding=\"async\" class=\"alignleft thumbnail\" src=\"https:\/\/spetomix.com.br\/site\/wp-content\/uploads\/2015\/03\/logo-tigre.jpg\" alt=\"Tigre\" width=\"200\" height=\"200\" \/><\/div>\n<div><img loading=\"lazy\" decoding=\"async\" class=\"alignleft thumbnail\" src=\"https:\/\/spetomix.com.br\/site\/wp-content\/uploads\/2015\/03\/logo-toyota.jpg\" alt=\"Toyota\" width=\"200\" height=\"200\" \/><\/div>\n<div><img loading=\"lazy\" decoding=\"async\" class=\"alignleft thumbnail\" src=\"https:\/\/spetomix.com.br\/site\/wp-content\/uploads\/2015\/03\/logo-unifrax.jpg\" alt=\"Unifrax\" width=\"200\" height=\"200\" \/><\/div>\n<div><img loading=\"lazy\" decoding=\"async\" class=\"alignleft thumbnail\" src=\"https:\/\/spetomix.com.br\/site\/wp-content\/uploads\/2015\/03\/logo-urubupunga.jpg\" alt=\"Urubupung\u00e1\" width=\"200\" height=\"200\" \/><\/div>\n","protected":false},"excerpt":{"rendered":"<p>\u00a0[&#8230;]<\/p>\n","protected":false},"author":1,"featured_media":0,"parent":0,"menu_order":0,"comment_status":"open","ping_status":"open","template":"","meta":{"_crdt_document":"","_exactmetrics_skip_tracking":false,"_exactmetrics_sitenote_active":false,"_exactmetrics_sitenote_note":"","_exactmetrics_sitenote_category":0,"footnotes":""},"class_list":["post-1636","page","type-page","status-publish","hentry","post-1","odd"],"yoast_head":"<!-- This site is optimized with the Yoast SEO plugin v27.4 - https:\/\/yoast.com\/product\/yoast-seo-wordpress\/ -->\n<title>Clientes - Spetomix 30 Anos - Solu\u00e7\u00f5es em festas e eventos<\/title>\n<meta name=\"robots\" content=\"index, follow, max-snippet:-1, max-image-preview:large, max-video-preview:-1\" \/>\n<link rel=\"canonical\" href=\"https:\/\/spetomix.com.br\/site\/clientes\/\" \/>\n<meta property=\"og:locale\" content=\"pt_BR\" \/>\n<meta property=\"og:type\" content=\"article\" \/>\n<meta property=\"og:title\" content=\"Clientes - Spetomix 30 Anos - Solu\u00e7\u00f5es em festas e eventos\" \/>\n<meta property=\"og:description\" content=\"\u00a0[&#8230;]\" \/>\n<meta property=\"og:url\" content=\"https:\/\/spetomix.com.br\/site\/clientes\/\" \/>\n<meta property=\"og:site_name\" content=\"Spetomix 30 Anos - Solu\u00e7\u00f5es em festas e eventos\" \/>\n<meta property=\"article:publisher\" content=\"https:\/\/www.facebook.com\/spetomix\/\" \/>\n<meta property=\"article:modified_time\" content=\"2015-11-25T14:19:10+00:00\" \/>\n<meta property=\"og:image\" content=\"https:\/\/spetomix.com.br\/site\/wp-content\/uploads\/2015\/03\/logo-3m.jpg\" \/>\n<script type=\"application\/ld+json\" class=\"yoast-schema-graph\">{\"@context\":\"https:\\\/\\\/schema.org\",\"@graph\":[{\"@type\":\"WebPage\",\"@id\":\"https:\\\/\\\/spetomix.com.br\\\/site\\\/clientes\\\/\",\"url\":\"https:\\\/\\\/spetomix.com.br\\\/site\\\/clientes\\\/\",\"name\":\"Clientes - Spetomix 30 Anos - Solu\u00e7\u00f5es em festas e eventos\",\"isPartOf\":{\"@id\":\"https:\\\/\\\/spetomix.com.br\\\/site\\\/#website\"},\"primaryImageOfPage\":{\"@id\":\"https:\\\/\\\/spetomix.com.br\\\/site\\\/clientes\\\/#primaryimage\"},\"image\":{\"@id\":\"https:\\\/\\\/spetomix.com.br\\\/site\\\/clientes\\\/#primaryimage\"},\"thumbnailUrl\":\"https:\\\/\\\/spetomix.com.br\\\/site\\\/wp-content\\\/uploads\\\/2015\\\/03\\\/logo-3m.jpg\",\"datePublished\":\"2014-12-15T15:11:16+00:00\",\"dateModified\":\"2015-11-25T14:19:10+00:00\",\"breadcrumb\":{\"@id\":\"https:\\\/\\\/spetomix.com.br\\\/site\\\/clientes\\\/#breadcrumb\"},\"inLanguage\":\"pt-BR\",\"potentialAction\":[{\"@type\":\"ReadAction\",\"target\":[\"https:\\\/\\\/spetomix.com.br\\\/site\\\/clientes\\\/\"]}]},{\"@type\":\"ImageObject\",\"inLanguage\":\"pt-BR\",\"@id\":\"https:\\\/\\\/spetomix.com.br\\\/site\\\/clientes\\\/#primaryimage\",\"url\":\"https:\\\/\\\/spetomix.com.br\\\/site\\\/wp-content\\\/uploads\\\/2015\\\/03\\\/logo-3m.jpg\",\"contentUrl\":\"https:\\\/\\\/spetomix.com.br\\\/site\\\/wp-content\\\/uploads\\\/2015\\\/03\\\/logo-3m.jpg\",\"width\":200,\"height\":200},{\"@type\":\"BreadcrumbList\",\"@id\":\"https:\\\/\\\/spetomix.com.br\\\/site\\\/clientes\\\/#breadcrumb\",\"itemListElement\":[{\"@type\":\"ListItem\",\"position\":1,\"name\":\"In\u00edcio\",\"item\":\"https:\\\/\\\/spetomix.com.br\\\/site\\\/\"},{\"@type\":\"ListItem\",\"position\":2,\"name\":\"Clientes\"}]},{\"@type\":\"WebSite\",\"@id\":\"https:\\\/\\\/spetomix.com.br\\\/site\\\/#website\",\"url\":\"https:\\\/\\\/spetomix.com.br\\\/site\\\/\",\"name\":\"Spetomix 30 Anos - Solu\u00e7\u00f5es em festas e eventos\",\"description\":\"Solu\u00e7\u00f5es em festas e eventos\",\"publisher\":{\"@id\":\"https:\\\/\\\/spetomix.com.br\\\/site\\\/#organization\"},\"potentialAction\":[{\"@type\":\"SearchAction\",\"target\":{\"@type\":\"EntryPoint\",\"urlTemplate\":\"https:\\\/\\\/spetomix.com.br\\\/site\\\/?s={search_term_string}\"},\"query-input\":{\"@type\":\"PropertyValueSpecification\",\"valueRequired\":true,\"valueName\":\"search_term_string\"}}],\"inLanguage\":\"pt-BR\"},{\"@type\":\"Organization\",\"@id\":\"https:\\\/\\\/spetomix.com.br\\\/site\\\/#organization\",\"name\":\"Spetomix - Espetinhos | Festas | Massas | Pizzas | buffet\",\"url\":\"https:\\\/\\\/spetomix.com.br\\\/site\\\/\",\"logo\":{\"@type\":\"ImageObject\",\"inLanguage\":\"pt-BR\",\"@id\":\"https:\\\/\\\/spetomix.com.br\\\/site\\\/#\\\/schema\\\/logo\\\/image\\\/\",\"url\":\"https:\\\/\\\/www.spetomix.com.br\\\/site\\\/wp-content\\\/uploads\\\/2016\\\/06\\\/logo_spetomix.png\",\"contentUrl\":\"https:\\\/\\\/www.spetomix.com.br\\\/site\\\/wp-content\\\/uploads\\\/2016\\\/06\\\/logo_spetomix.png\",\"width\":250,\"height\":94,\"caption\":\"Spetomix - Espetinhos | Festas | Massas | Pizzas | buffet\"},\"image\":{\"@id\":\"https:\\\/\\\/spetomix.com.br\\\/site\\\/#\\\/schema\\\/logo\\\/image\\\/\"},\"sameAs\":[\"https:\\\/\\\/www.facebook.com\\\/spetomix\\\/\",\"https:\\\/\\\/x.com\\\/spetomix\",\"https:\\\/\\\/www.youtube.com\\\/channel\\\/UCY3Fdt7Wg0CrLDA6KoTIPVQ\"]}]}<\/script>\n<!-- \/ Yoast SEO plugin. -->","yoast_head_json":{"title":"Clientes - Spetomix 30 Anos - Solu\u00e7\u00f5es em festas e eventos","robots":{"index":"index","follow":"follow","max-snippet":"max-snippet:-1","max-image-preview":"max-image-preview:large","max-video-preview":"max-video-preview:-1"},"canonical":"https:\/\/spetomix.com.br\/site\/clientes\/","og_locale":"pt_BR","og_type":"article","og_title":"Clientes - Spetomix 30 Anos - Solu\u00e7\u00f5es em festas e eventos","og_description":"\u00a0[&#8230;]","og_url":"https:\/\/spetomix.com.br\/site\/clientes\/","og_site_name":"Spetomix 30 Anos - Solu\u00e7\u00f5es em festas e eventos","article_publisher":"https:\/\/www.facebook.com\/spetomix\/","article_modified_time":"2015-11-25T14:19:10+00:00","og_image":[{"url":"https:\/\/spetomix.com.br\/site\/wp-content\/uploads\/2015\/03\/logo-3m.jpg","type":"","width":"","height":""}],"schema":{"@context":"https:\/\/schema.org","@graph":[{"@type":"WebPage","@id":"https:\/\/spetomix.com.br\/site\/clientes\/","url":"https:\/\/spetomix.com.br\/site\/clientes\/","name":"Clientes - Spetomix 30 Anos - Solu\u00e7\u00f5es em festas e eventos","isPartOf":{"@id":"https:\/\/spetomix.com.br\/site\/#website"},"primaryImageOfPage":{"@id":"https:\/\/spetomix.com.br\/site\/clientes\/#primaryimage"},"image":{"@id":"https:\/\/spetomix.com.br\/site\/clientes\/#primaryimage"},"thumbnailUrl":"https:\/\/spetomix.com.br\/site\/wp-content\/uploads\/2015\/03\/logo-3m.jpg","datePublished":"2014-12-15T15:11:16+00:00","dateModified":"2015-11-25T14:19:10+00:00","breadcrumb":{"@id":"https:\/\/spetomix.com.br\/site\/clientes\/#breadcrumb"},"inLanguage":"pt-BR","potentialAction":[{"@type":"ReadAction","target":["https:\/\/spetomix.com.br\/site\/clientes\/"]}]},{"@type":"ImageObject","inLanguage":"pt-BR","@id":"https:\/\/spetomix.com.br\/site\/clientes\/#primaryimage","url":"https:\/\/spetomix.com.br\/site\/wp-content\/uploads\/2015\/03\/logo-3m.jpg","contentUrl":"https:\/\/spetomix.com.br\/site\/wp-content\/uploads\/2015\/03\/logo-3m.jpg","width":200,"height":200},{"@type":"BreadcrumbList","@id":"https:\/\/spetomix.com.br\/site\/clientes\/#breadcrumb","itemListElement":[{"@type":"ListItem","position":1,"name":"In\u00edcio","item":"https:\/\/spetomix.com.br\/site\/"},{"@type":"ListItem","position":2,"name":"Clientes"}]},{"@type":"WebSite","@id":"https:\/\/spetomix.com.br\/site\/#website","url":"https:\/\/spetomix.com.br\/site\/","name":"Spetomix 30 Anos - Solu\u00e7\u00f5es em festas e eventos","description":"Solu\u00e7\u00f5es em festas e eventos","publisher":{"@id":"https:\/\/spetomix.com.br\/site\/#organization"},"potentialAction":[{"@type":"SearchAction","target":{"@type":"EntryPoint","urlTemplate":"https:\/\/spetomix.com.br\/site\/?s={search_term_string}"},"query-input":{"@type":"PropertyValueSpecification","valueRequired":true,"valueName":"search_term_string"}}],"inLanguage":"pt-BR"},{"@type":"Organization","@id":"https:\/\/spetomix.com.br\/site\/#organization","name":"Spetomix - Espetinhos | Festas | Massas | Pizzas | buffet","url":"https:\/\/spetomix.com.br\/site\/","logo":{"@type":"ImageObject","inLanguage":"pt-BR","@id":"https:\/\/spetomix.com.br\/site\/#\/schema\/logo\/image\/","url":"https:\/\/www.spetomix.com.br\/site\/wp-content\/uploads\/2016\/06\/logo_spetomix.png","contentUrl":"https:\/\/www.spetomix.com.br\/site\/wp-content\/uploads\/2016\/06\/logo_spetomix.png","width":250,"height":94,"caption":"Spetomix - Espetinhos | Festas | Massas | Pizzas | buffet"},"image":{"@id":"https:\/\/spetomix.com.br\/site\/#\/schema\/logo\/image\/"},"sameAs":["https:\/\/www.facebook.com\/spetomix\/","https:\/\/x.com\/spetomix","https:\/\/www.youtube.com\/channel\/UCY3Fdt7Wg0CrLDA6KoTIPVQ"]}]}},"_links":{"self":[{"href":"https:\/\/spetomix.com.br\/site\/wp-json\/wp\/v2\/pages\/1636","targetHints":{"allow":["GET"]}}],"collection":[{"href":"https:\/\/spetomix.com.br\/site\/wp-json\/wp\/v2\/pages"}],"about":[{"href":"https:\/\/spetomix.com.br\/site\/wp-json\/wp\/v2\/types\/page"}],"author":[{"embeddable":true,"href":"https:\/\/spetomix.com.br\/site\/wp-json\/wp\/v2\/users\/1"}],"replies":[{"embeddable":true,"href":"https:\/\/spetomix.com.br\/site\/wp-json\/wp\/v2\/comments?post=1636"}],"version-history":[{"count":3,"href":"https:\/\/spetomix.com.br\/site\/wp-json\/wp\/v2\/pages\/1636\/revisions"}],"predecessor-version":[{"id":2071,"href":"https:\/\/spetomix.com.br\/site\/wp-json\/wp\/v2\/pages\/1636\/revisions\/2071"}],"wp:attachment":[{"href":"https:\/\/spetomix.com.br\/site\/wp-json\/wp\/v2\/media?parent=1636"}],"curies":[{"name":"wp","href":"https:\/\/api.w.org\/{rel}","templated":true}]}}